{"id":7031,"date":"2022-07-05T14:39:30","date_gmt":"2022-07-05T13:39:30","guid":{"rendered":"https:\/\/www.piscilimp.es\/tienda\/?page_id=7031"},"modified":"2022-07-05T14:39:48","modified_gmt":"2022-07-05T13:39:48","slug":"politica-de-devoluciones","status":"publish","type":"page","link":"https:\/\/www.piscilimp.es\/tienda\/politica-de-devoluciones\/","title":{"rendered":"Pol\u00edtica de devoluciones"},"content":{"rendered":"<p>Todos los productos vendidos podr\u00e1n ser devueltos durante el plazo de 14 d\u00edas naturales desde la fecha de entrega; los productos deben ser devueltos en el mismo estado en el que se recibieron, con su embalaje original, en un perfecto estado, con todos los accesorios, instrucciones y documentaci\u00f3n, y justificante de la compra.<\/p>\n<p>Los productos que hubieran sido utilizados no podr\u00e1n ser objeto de devoluci\u00f3n, tampoco aquellos productos personalizados para el cliente.<\/p>\n<h2>Procedimiento para la devoluci\u00f3n<\/h2>\n<p>El cliente debe remitir un correo electr\u00f3nico a la siguiente direcci\u00f3n <a href=\"mailto:ventas@piscilimp.es\">ventas@piscilimp.es<\/a> , comunicando la devoluci\u00f3n e incluyendo los datos necesarios para llevar a cabo la misma; PISCILIMP S.L. contestar\u00e1 por el mismo medio al correo recibido, indicando la forma de proceder que ser\u00e1 la siguiente.<\/p>\n<p>El producto ser\u00e1 devuelto a la siguiente direcci\u00f3n C\/ 564 N\u00ba 14 \u00a0La Ca\u00f1ada- Paterna (Valencia), el cliente debe adjuntar informaci\u00f3n para identificar al remitente y el pedido (factura, pedido, nombre, direcci\u00f3n&#8230;).<\/p>\n<p>Los gastos y riesgos de devoluci\u00f3n correr\u00e1n a cargo del cliente, quien deber\u00e1 remitirlos por un medio seguro, para que la devoluci\u00f3n llegue en perfecto estado y en plazo.<\/p>\n<p>PISCILIMP S.L. proceder\u00e1 al reembolso en el plazo de 7 d\u00edas a partir de la recepci\u00f3n de la mercanc\u00eda <u>y revisi\u00f3n del estado de esta<\/u>, mediante transferencia a la cuenta facilitada por el cliente v\u00eda correo electr\u00f3nico. El cliente podr\u00e1 optar por el reembolso, el cambio por otro producto o por un vale de compra.<\/p>\n<p>La devoluci\u00f3n no podr\u00e1 tener lugar en ning\u00fan caso si los productos suministrados fueron manifiestamente objeto de uso.<\/p>\n<p>PISCILIMP S.L. se reserva el derecho a aceptar la devoluci\u00f3n cuando el producto no cumpla los requisitos para su devoluci\u00f3n (perfecto estado, embalaje original, todos los accesorios, instrucciones&#8230; etc), en tal caso se informar\u00e1 al cliente v\u00eda correo electr\u00f3nico, quien podr\u00e1 pasar a retirar la mercanc\u00eda en el plazo de un mes o ser\u00e1 reenviado previo pago de los gastos que se ocasionen.<\/p>\n<p>En el supuesto que PISCILIMP S.L. hubiera prestado un servicio para la puesta en marcha del producto adquirido, se descontar\u00e1 de la cantidad a devolver el importe de este servicio.<\/p>\n","protected":false},"excerpt":{"rendered":"<p>Todos los productos vendidos podr\u00e1n ser devueltos durante el plazo  [&#8230;]<\/p>\n","protected":false},"author":64,"featured_media":0,"parent":0,"menu_order":0,"comment_status":"closed","ping_status":"closed","template":"","meta":{"footnotes":""},"class_list":["post-7031","page","type-page","status-publish","hentry"],"yoast_head":"<!-- This site is optimized with the Yoast SEO plugin v27.4 - https:\/\/yoast.com\/product\/yoast-seo-wordpress\/ -->\n<title>Pol\u00edtica de devoluciones - Productos Piscinas - Piscilimp<\/title>\n<meta name=\"description\" content=\"Pol\u00edtica de devoluciones - Productos Piscinas - Piscilimp\" \/>\n<meta name=\"robots\" content=\"noindex, nofollow\" \/>\n<meta property=\"og:locale\" content=\"es_ES\" \/>\n<meta property=\"og:type\" content=\"article\" \/>\n<meta property=\"og:title\" content=\"Pol\u00edtica de devoluciones - Productos Piscinas - Piscilimp\" \/>\n<meta property=\"og:description\" content=\"Pol\u00edtica de devoluciones - Productos Piscinas - Piscilimp\" \/>\n<meta property=\"og:url\" content=\"https:\/\/www.piscilimp.es\/tienda\/politica-de-devoluciones\/\" \/>\n<meta property=\"og:site_name\" content=\"Productos Piscinas - Piscilimp\" \/>\n<meta property=\"article:modified_time\" content=\"2022-07-05T13:39:48+00:00\" \/>\n<meta name=\"twitter:card\" content=\"summary_large_image\" \/>\n<meta name=\"twitter:label1\" content=\"Tiempo de lectura\" \/>\n\t<meta name=\"twitter:data1\" content=\"2 minutos\" \/>\n<script type=\"application\/ld+json\" class=\"yoast-schema-graph\">{\"@context\":\"https:\\\/\\\/schema.org\",\"@graph\":[{\"@type\":\"WebPage\",\"@id\":\"https:\\\/\\\/www.piscilimp.es\\\/tienda\\\/politica-de-devoluciones\\\/\",\"url\":\"https:\\\/\\\/www.piscilimp.es\\\/tienda\\\/politica-de-devoluciones\\\/\",\"name\":\"Pol\u00edtica de devoluciones - Productos Piscinas - Piscilimp\",\"isPartOf\":{\"@id\":\"https:\\\/\\\/www.piscilimp.es\\\/tienda\\\/#website\"},\"datePublished\":\"2022-07-05T13:39:30+00:00\",\"dateModified\":\"2022-07-05T13:39:48+00:00\",\"description\":\"Pol\u00edtica de devoluciones - Productos Piscinas - Piscilimp\",\"inLanguage\":\"es\",\"potentialAction\":[{\"@type\":\"ReadAction\",\"target\":[\"https:\\\/\\\/www.piscilimp.es\\\/tienda\\\/politica-de-devoluciones\\\/\"]}]},{\"@type\":\"WebSite\",\"@id\":\"https:\\\/\\\/www.piscilimp.es\\\/tienda\\\/#website\",\"url\":\"https:\\\/\\\/www.piscilimp.es\\\/tienda\\\/\",\"name\":\"Productos Piscinas - Piscilimp\",\"description\":\"Productos Mantenimiento Piscinas\",\"potentialAction\":[{\"@type\":\"SearchAction\",\"target\":{\"@type\":\"EntryPoint\",\"urlTemplate\":\"https:\\\/\\\/www.piscilimp.es\\\/tienda\\\/?s={search_term_string}\"},\"query-input\":{\"@type\":\"PropertyValueSpecification\",\"valueRequired\":true,\"valueName\":\"search_term_string\"}}],\"inLanguage\":\"es\"}]}<\/script>\n<!-- \/ Yoast SEO plugin. -->","yoast_head_json":{"title":"Pol\u00edtica de devoluciones - Productos Piscinas - Piscilimp","description":"Pol\u00edtica de devoluciones - Productos Piscinas - Piscilimp","robots":{"index":"noindex","follow":"nofollow"},"og_locale":"es_ES","og_type":"article","og_title":"Pol\u00edtica de devoluciones - Productos Piscinas - Piscilimp","og_description":"Pol\u00edtica de devoluciones - Productos Piscinas - Piscilimp","og_url":"https:\/\/www.piscilimp.es\/tienda\/politica-de-devoluciones\/","og_site_name":"Productos Piscinas - Piscilimp","article_modified_time":"2022-07-05T13:39:48+00:00","twitter_card":"summary_large_image","twitter_misc":{"Tiempo de lectura":"2 minutos"},"schema":{"@context":"https:\/\/schema.org","@graph":[{"@type":"WebPage","@id":"https:\/\/www.piscilimp.es\/tienda\/politica-de-devoluciones\/","url":"https:\/\/www.piscilimp.es\/tienda\/politica-de-devoluciones\/","name":"Pol\u00edtica de devoluciones - Productos Piscinas - Piscilimp","isPartOf":{"@id":"https:\/\/www.piscilimp.es\/tienda\/#website"},"datePublished":"2022-07-05T13:39:30+00:00","dateModified":"2022-07-05T13:39:48+00:00","description":"Pol\u00edtica de devoluciones - Productos Piscinas - Piscilimp","inLanguage":"es","potentialAction":[{"@type":"ReadAction","target":["https:\/\/www.piscilimp.es\/tienda\/politica-de-devoluciones\/"]}]},{"@type":"WebSite","@id":"https:\/\/www.piscilimp.es\/tienda\/#website","url":"https:\/\/www.piscilimp.es\/tienda\/","name":"Productos Piscinas - Piscilimp","description":"Productos Mantenimiento Piscinas","potentialAction":[{"@type":"SearchAction","target":{"@type":"EntryPoint","urlTemplate":"https:\/\/www.piscilimp.es\/tienda\/?s={search_term_string}"},"query-input":{"@type":"PropertyValueSpecification","valueRequired":true,"valueName":"search_term_string"}}],"inLanguage":"es"}]}},"_links":{"self":[{"href":"https:\/\/www.piscilimp.es\/tienda\/wp-json\/wp\/v2\/pages\/7031","targetHints":{"allow":["GET"]}}],"collection":[{"href":"https:\/\/www.piscilimp.es\/tienda\/wp-json\/wp\/v2\/pages"}],"about":[{"href":"https:\/\/www.piscilimp.es\/tienda\/wp-json\/wp\/v2\/types\/page"}],"author":[{"embeddable":true,"href":"https:\/\/www.piscilimp.es\/tienda\/wp-json\/wp\/v2\/users\/64"}],"replies":[{"embeddable":true,"href":"https:\/\/www.piscilimp.es\/tienda\/wp-json\/wp\/v2\/comments?post=7031"}],"version-history":[{"count":2,"href":"https:\/\/www.piscilimp.es\/tienda\/wp-json\/wp\/v2\/pages\/7031\/revisions"}],"predecessor-version":[{"id":7033,"href":"https:\/\/www.piscilimp.es\/tienda\/wp-json\/wp\/v2\/pages\/7031\/revisions\/7033"}],"wp:attachment":[{"href":"https:\/\/www.piscilimp.es\/tienda\/wp-json\/wp\/v2\/media?parent=7031"}],"curies":[{"name":"wp","href":"https:\/\/api.w.org\/{rel}","templated":true}]}}